vided by p?
4
Suppose -2*o - 2*q = o + 16, 2*o - 21 = 5*q. Let r = -1337 - -1365. What is the remainder when r is divided by 24*(o - (-24)/9)?
12
What is the remainder when 912 is divided by (-63)/(-2) - (-903)/258?
2
Suppose 4*f + 412 = 4*m, 0*m - 3*f - 95 = -m. Suppose -579*u + 590*u - 297 = 0. What is the remainder when m is divided by u?
26
Let s(o) = 334*o. Let v(q) = 3678*q + 2. Let u(y) = 22*s(y) - 2*v(y). Let h(k) = 7*k + 1. Let n be h(-1). Calculate the remainder when 173 is divided by u(n).
41
Suppose 4*l = 2*y - 790, 3 = -3*l - 3. Calculate the remainder when 403 is divided by y.
12
Suppose -19*n - 356 = -90. Let i(z) = -z**2 - 10*z + 11. Let l(g) = g - 1. Let f(x) = -i(x) - 2*l(x). Calculate the remainder when f(n) is divided by 13.
10
What is the remainder when 7*((13 - -53)/11 + (-536)/(-14)) is divided by 147?
16
Let q be 0/1 - -3 - 49. Let j = 65 + q. Let n = j + 3. Calculate the remainder when 65 is divided by n.
21
Suppose 0 = -3*w - 3*y + 76 + 122, -3*w + 205 = -4*y. Calculate the remainder when 1194 is divided by w.
55
Suppose -72 = -z + a + 15, -176 = -2*z + a. Let u be 51/2*2*1. Suppose 2*q = 141 - u. What is the remainder when z is divided by q?
44
Suppose -1 = -3*k - m + 13, -2*k + m + 16 = 0. Let t = 22 + k. Let l(o) = -1061*o + 2139. Calculate the remainder when t is divided by l(2).
11
Suppose 24*t = 14*t - 7*t + 714. Calculate the remainder when 542 is divided by t.
38
Let l = 203 - 94. Suppose 0 = 25*w - 13*w - 1224. Let h = l - w. What is the remainder when 14 is divided by h?
0
Let y(d) = 5*d + 1. Suppose -3*l - 12 = 0, 0*l = -3*m + l + 19. Suppose -5*k = -t - 361, 3*k - k + 5*t = 139. Calculate the remainder when k is divided by y(m).
20
Let i(v) = -596*v - 3475. What is the remainder when i(-10) is divided by 113?
112
Suppose 0 = 5*j - 5*a - 440 + 3015, 2*a = -j - 524. Let r = j + 527. What is the remainder when 16 is divided by r?
7
Suppose 0 = -3*x + 5*y - 14 + 67, -2*x + 42 = -2*y. Let t = 24 + 30. Let s = t - 47. Calculate the remainder when x is divided by s.
5
Let z(w) = 3*w**2 - w - 5. Let x be z(-4). Suppose 0 = -4*r - 5*h - 12 + 84, 3*r + 2*h - x = 0. Calculate the remainder when 22 is divided by r.
9
Suppose -187 - 503 = -138*n. Calculate the remainder when 14252 is divided by n.
2
Let l = -810 - -895. Suppose 90*i - l*i = 1170. Calculate the remainder when i is divided by 64.
42
Calculate the remainder when 404 is divided by (160/(-24))/(-4)*27.
44
Suppose -7*j + 5231 = 3*s - 23*j, -3*s - j = -5299. What is the remainder when s is divided by 36?
1
Let f = 36 - -119. Let v be (0 + 36)/(-6) + 5. What is the remainder when f is divided by ((-4)/(-8) - v) + (-600)/(-16)?
38
Let h be ((-312)/(-9))/(4/12). Let s = -59 + h. Let x = -16 + 32. What is the remainder when s is divided by x?
13
Let f(c) = -c**3 - 66*c**2 - 325*c - 563. Calculate the remainder when f(-61) is divided by 218.
3
Suppose -9*c + 306 = -882. Suppose 0 = 2*v - 4*v + 54. Calculate the remainder when c is divided by v.
24
Let j(q) = q**3 + 8*q + 20. Let k = -141 - -141. What is the remainder when 66 is divided by j(k)?
6
Suppose 2*h - 4*r - 44 = 0, -2*r + 78 = 5*h + 4. Let u be (-2 - (-28)/h) + 81/(-12). What is the remainder when 1/1*-6*(-7 + u) is divided by 17?
16
Let i(h) be the first derivative of 15*h + 5*h**2 + 1/3*h**3 - 39. What is the remainder when i(-10) is divided by 2?
1
Let f = 26 - 21. Let o(a) = a**3 - a**2 - 8*a - 10. Let n be o(f). Let c = 8 + n. What is the remainder when c is divided by 32?
26
Suppose 3*b + 160 = 5*q, 7*q + 2*b - 160 = 2*q. Suppose 0 = 16*k - 1876 - 140. What is the remainder when k is divided by q?
30
Suppose -68*o - 14*o + 4845 = 3*o. What is the remainder when 303 is divided by o?
18
Suppose u - 392 = -4*r, -12*r - 2*u = -15*r + 283. Calculate the remainder when 671 is divided by r.
89
Let d(x) = 5*x**2 + x - 2. Let v be d(1). What is the remainder when (6 - -2)*((-110)/(-8) + v) is divided by 18?
16
Suppose -7916 = -41*b + 4056. Calculate the remainder when 883 is divided by b.
7
Let c = -17 - -25. Let j be (15/9)/((14/60)/7). Suppose j = 18*l - 508. What is the remainder when l is divided by c?
7
Let x = -7549 - -7587. What is the remainder when 1291 is divided by x?
37
Let c(a) = -2*a**3 - 15*a**2 + 10*a - 8. Suppose w + 4*b - 5*b + 16 = 0, 3*w = 5*b - 58. What is the remainder when c(w) is divided by 43?
41
Suppose 0 = -d - 2*n + 25, 0 = -80*d + 76*d - 2*n + 142. Calculate the remainder when 433 is divided by d.
4
Let q = 56 - 11. Let n = q + 15. Let m = 75 - n. Calculate the remainder when 22 is divided by m.
7
Let z = -5186 + 7075. What is the remainder when z is divided by 14?
13
Let b(a) = a**3 - 5*a**2 + 5*a + 28. Let o be b(-4). Let x = -124 - o. Calculate the remainder when 356 is divided by x.
8
Let w = -3766 - -3856. What is the remainder when 109 is divided by w?
19
Let f be 7/(-28) - (-1)/4. Suppose f = -3*r - 2 + 89. Suppose 0 = -4*c - 4*n + 244, -c + 12 = -3*n - r. What is the remainder when c is divided by 29?
27
Let s(z) be the third derivative of -7*z**4/8 + 49*z**3/6 + 85*z**2. Suppose -55 = -3*a + 17. What is the remainder when s(-9) is divided by a?
22
Suppose -332 = -49*t + 162 + 2005. What is the remainder when t is divided by 15?
6
Let b = -127 - -6197. What is the remainder when b is divided by 69?
67
Suppose 0 = 4*k, 3*c + 5*k - 248 = 169. Suppose -21 = -4*q + c. Let o = q - 31. Calculate the remainder when 11 is divided by o.
2
Suppose 1768*u = 1783*u + 895 - 4045. Calculate the remainder when u is divided by 53.
51
Calculate the remainder when ((-6318)/22 - (-4)/22)*(-2)/2 is divided by 260.
27
Let v = 2797 + -2617. Calculate the remainder when 1281 is divided by v.
21
Let c = -495480 + 495634. Suppose g - 2*z - 69 = 0, 5*g - 400 = 2*z - 3*z. What is the remainder when c is divided by g?
75
What is the remainder when (4/(-8))/(99/102 + -1) is divided by (-20)/(-6)*(-8)/(560/(-126))?
5
Calculate the remainder when 648 is divided by -236*6*20/(-480).
58
Let n(f) = -2*f + 25. Let s be n(6). Let u = 41 - s. Let k = 43 - u. What is the remainder when k is divided by 8?
7
Let b(d) = -d**2 - 11. Let w be b(-7). Let o be (-7)/((-21)/(-9)) - w/2. Let i = o - 11. Calculate the remainder when 18 is divided by i.
2
Let v be 13 - 3 - (-6)/(-2). Let k = v + -4. Suppose 0 = -10*n + 154 - 34. What is the remainder when n is divided by k?
0
Let g(a) = 110*a - 301. Let c be g(4). Suppose 21*s = -c + 1651. Suppose 100 = o + 3*o. What is the remainder when s is divided by o?
22
Suppose -456 = -3*f + 3*w, -390*f - 2*w = -385*f - 795. What is the remainder when 601 is divided by f?
130
Suppose -u - 2*u - 5*s = -40, 5*u + 2*s - 35 = 0. Suppose -8*d = -u*d - 165. Suppose -120*v + 119*v = -109. What is the remainder when v is divided by d?
54
Let l(s) = s**3 + 25*s**2 + 2*s + 56. Let w be l(-25). Suppose -150 = -w*h - 42. Calculate the remainder when 321 is divided by h.
15
Suppose -54*f = -61*f + 49. Suppose 0 = -2*a + f*a - d - 101, 2*d - 92 = -4*a. Calculate the remainder when 81 is divided by a.
18
Let s(t) = t**2 - 12*t - 390. Calculate the remainder when s(-15) is divided by 10.
5
Suppose -267 = -h - 5*i, 1615*h - 2*i - 958 = 1611*h. What is the remainder when h is divided by 98?
46
Suppose -604 = -4*f - 101*a + 105*a, f + a = 143. Calculate the remainder when f is divided by 78.
69
Let f(u) = 2*u + 5. Let q be f(1). Suppose -q*w = -13*w + 36. What is the remainder when w is divided by 0 + (1 - 1/(-1))?
0
Let i = -2816 + 3038. What is the remainder when i is divided by 63?
33
Suppose 33*o - 50*o + 102 = 0. Suppose -136 = -2*z + 4*c, 71 = z - o*c + 5*c. What is the remainder when z is divided by 5?
4
Suppose 4*w - 42 = -a, -4*a - 7 - 35 = -5*w. Let t(v) = 7*v + 51. Let g be t(15). Let r = g + -107. Calculate the remainder when r is divided by w.
9
Suppose -29 = -r + 2*c, -90 + 113 = 3*r + 2*c. Suppose -5*p + 2 = q - 0*q, 3*q + 3*p - 6 = 0. What is the remainder when 96/q + (0 - -1) is divided by r?
10
Suppose 4*m = 5*y - 3878, -3*y + 82 = -3*m - 2240. What is the remainder when y is divided by 30?
2
Suppose 0 = -21*q + 87 + 18. What is the remainder when 13*q*3/3 is divided by 33?
32
Calculate the remainder when 1580 is divided by (-120)/(-3) - 228/(-19) - 4.
44
Calculate the remaind